In base 5, what is -23 + -104224323?
-104224401
In base 12, what is 1107991a7 - 3?
1107991a4
In base 11, what is -2942 + 2661?
-291
In base 16, what is -1ca5 + -5b67?
-780c
In base 5, what is -141020032440 + -2?
-141020032442
In base 5, what is -12012042331 + -1?
-12012042332
In base 14, what is -12896d95 + 1?
-12896d94
In base 8, what is 6513577 + 113?
6513712
In base 13, what is -5 + -29c30?
-29c35
In base 14, what is -a0a - 24d?
-c59
In base 14, what is 70 - -823c?
82ac
In base 9, what is -10756216 - 3?
-10756220
In base 9, what is -16 - 13428?
-13445
In base 5, what is 34303322 - -241?
34304113
In base 6, what is 21130134 - 222?
21125512
In base 9, what is -1318 - -1224?
-84
In base 7, what is 1621342 + -152?
1621160
In base 8, what is 1720 + -1217330?
-1215410
In base 3, what is -10020 + -1012200102220?
-1012200120010
In base 14, what is 1a - 18891?
-18875
In base 16, what is -7 + -b4b07?
-b4b0e
In base 8, what is -2 + -64471715?
-64471717
In base 16, what is -6ebd + -da?
-6f97
In base 10, what is -579140 - 14?
-579154
In base 11, what is 1857 - -10814?
12570
In base 10, what is -3838 - 31357?
-35195
In base 16, what is bb129263 - 4?
bb12925f
In base 5, what is 100430 - -104120?
210100
In base 8, what is 1334015 + -121?
1333674
In base 9, what is 20713 - -1460?
22273
In base 16, what is 3 + -6852b0f?
-6852b0c
In base 2, what is 10011000100110 + -1101011110?
10001011001000
In base 2, what is -110010111110111000 + 10100011101?
-110010101010011011
In base 11, what is 5 + -2a1a143?
-2a1a139
In base 6, what is -44055221 - 1?
-44055222
In base 11, what is 12a07515 - 4?
12a07511
In base 14, what is 0 + 49613c?
49613c
In base 16, what is 30 + -2d348?
-2d318
In base 13, what is 54bc8 - -147?
55042
In base 15, what is -26d37 - -560?
-267c7
In base 15, what is -b30 - -1478?
848
In base 9, what is 24 - -13113706?
13113731
In base 5, what is 3014110331 + 0?
3014110331
In base 13, what is -a54a4b + 2?
-a54a49
In base 11, what is -94303 - -103?
-94200
In base 12, what is 18 + 1a9243?
1a925b
In base 16, what is -8 + -33a196?
-33a19e
In base 7, what is -421 - 1024606?
-1025330
In base 3, what is 12 - -100022221012110?
100022221012122
In base 8, what is -66 + -403324?
-403412
In base 3, what is 122211 + -120200122?
-120000211
In base 3, what is 12021 - 1012121010022?
-1012120221001
In base 6, what is 55232 - -2533?
102205
In base 11, what is 5977 + a258?
15124
In base 10, what is -65460528 - 0?
-65460528
In base 11, what is 125 - a3622?
-a34a8
In base 7, what is 2155420 - 40?
2155350
In base 3, what is -21212002 + 2221?
-21202011
In base 16, what is 48f - -101c?
14ab
In base 15, what is 1ad - c587d?
-c56c0
In base 6, what is -3 + -205414125?
-205414132
In base 16, what is -45ac1 + -6?
-45ac7
In base 3, what is -1002101 - 21001002102?
-21002011210
In base 14, what is -4 + -7522834?
-7522838
In base 6, what is -130155 - 33?
-130232
In base 8, what is -4404 - -20057?
13453
In base 3, what is 1 + 120111111022002122?
120111111022002200
In base 10, what is -34010 - -11908?
-22102
In base 12, what is b + a09ba58?
a09ba67
In base 9, what is 24377 - -844?
25332
In base 9, what is 41586023 - -16?
41586040
In base 12, what is -834a871 + -6?
-834a877
In base 11, what is -10 + aa44677?
aa44667
In base 13, what is b120 + 24?
b144
In base 9, what is 807463 + 88?
807562
In base 16, what is -1a5 - -55e7?
5442
In base 10, what is 4737 + 13297?
18034
In base 3, what is 2221001202 + 21220012?
10012221221
In base 7, what is -3 + -234243153?
-234243156
In base 6, what is -1403225 - -21113?
-1342112
In base 6, what is -1431 - -21113302?
21111431
In base 5, what is 14220004 + 110?
14220114
In base 13, what is -214 - -bc0b9?
bbba5
In base 6, what is 22111313 + 20?
22111333
In base 12, what is -10 + 2b7a7?
2b797
In base 7, what is 1023304 - -1333?
1024640
In base 8, what is -121 + -141702?
-142023
In base 13, what is -c49 - -26b7?
176b
In base 14, what is -5 + 3145529?
3145524
In base 3, what is -102112101 - 10200210?
-120020011
In base 7, what is -136 + 132614?
132445
In base 16, what is 1 + 8893ed?
8893ee
In base 6, what is -443213 + 202153?
-241020
In base 3, what is 111220 - 12121111222?
-12121000002
In base 10, what is -36497 + 56?
-36441
In base 16, what is 3 + de7c06?
de7c09
In base 8, what is 14 - 15775751?
-15775735
In base 9, what is 51 + -15435265?
-15435214
In base 14, what is -2 + 7b2775?
7b2773
In base 3, what is -221220 + 202020101110?
202012102120
In base 2, what is 11010101100101101100011 - -11000?
11010101100101101111011
In base 14, what is 1458d1b - -3?
1458d20
In base 14, what is 8b91 - -b8c2?
16673
In base 15, what is 348 + -2014c?
-1ed04
In base 7, what is -1 + 334062006?
334062005
In base 9, what is -184 + 1855546?
1855352
In base 2, what is -1 + 111111000001010111110011001?
111111000001010111110011000
In base 14, what is 2cc82 + 325?
2d1a7
In base 12, what is 770 + 289?
a39
In base 9, what is 120566 - -534?
121211
In base 5, what is 24003 - 4330140?
-4301132
In base 3, what is -1111220102101010 + -11?
-1111220102101021
In base 13, what is a5 - 14258?
-14183
In base 8, what is 41737 - -375?
42334
In base 3, what is -10 - -1110002111101200?
1110002111101120
In base 10, what is -24064279 + -7?
-24064286
In base 5, what is 2100232424022 + 3?
2100232424030
In base 8, what is 2614 + 74564?
77400
In base 15, what is 9 + 167be64?
167be6d
In base 5, what is 30412003 + -21313?
30340140
In base 10, what is -31 - 269440?
-269471
In base 15, what is 9e + 7060?
710e
In base 13, what is 930 + 1360?
1c90
In base 16, what is -2 - -2f5f9a1?
2f5f99f
In base 10, what is -21665 + 57?
-21608
In base 6, what is -21054435 - -30?
-21054405
In base 2, what is 10 + 1000010110100111000011001101?
1000010110100111000011001111
In base 11, what is -32 + 15a4942?
15a4910
In base 12, what is 6500 + -518a?
1332
In base 6, what is 53 + 12335210?
12335303
In base 3, what is 21002201 - -122022110?
220102011
In base 6, what is 1 - -11355012004?
11355012005
In base 9, what is -4 - 146323005?
-146323010
In base 3, what is -11 + -120021111110012?
-120021111110100
In base 5, what is 202114 - -100244?
302413
In base 11, what is -a2598a - -82?
-a25908
In base 15, what is 183c + 5aae?
73eb
In base 16, what is -36f - -18cd?
155e
In base 14, what is -519933 + 3?
-519930
In base 11, what is -5395 + 18585?
131a0
In base 3, what is -11011001120111112 - 11?
-11011001120111200
In base 12, what is 6393380 - 5?
6393377
In base 11, what is 186 + 10909?
10a94
In base 15, what is a44b5 + -1?
a44b4
In base 12, what is -1 - 3760b3b3?
-3760b3b4
In base 11, what is -2267785 + -4?
-2267789
In base 5, what is 10323443332 + 13?
10323443400
In base 3, what is 0 - -121010210011011?
121010210011011
In base 11, what is -98737 + 25a?
-98488
In base 8, what is -15 + 121274730?
121274713
In base 7, what is 2 - 323225316?
-323225314
In base 5, what is 10 - 30241320230?
-30241320220
In base 15, what is 2 + -8d671b6?
-8d671b4
In base 2, what is -101 - -11111010001000110010?
11111010001000101101
In base 2, what is 10 + 1111110001011101111010?
1111110001011101111100
In base 7, what is 11130620 - 21?
11130566
In base 7, what is 141 - -261322?
261463
In base 7, what is 0 - -6266414?
6266414
In base 13, what is -2b1783 + -57?
-2b180a
In base 15, what is 47e + -27b?
203
In base 11, what is 10 - -244213?
244223
In base 6, what is 5 + -41415310350?
-41415310341
In base 6, what is -231 + 3534140?
3533505
In base 4, what is -121030133 - -1313?
-121022220
In base 10, what is -530803983 - -5?
-530803978
In base 3, what is -202 + 122112012201222?
122112012201020
In base 5, what is 4204232 + -3414?
4200313
In base 5, what is 232433 - -10?
232443
In base 6, what is -20240333 + -14?
-20240351
In base 10, what is -2178 - 502?
-2680
In base 11, what is -21 - 2040723?
-2040744
In base 6, what is -1212454323 + -21?
-1212454344
In base 5, what is 14330142421 - -4?
14330142430
In base 11, what is 341 + 11024?
11365
In base 5, what is -1010414 + -1040?
-1012004
In base 9, what is -4 + 473053?
473048
In base 2, what is -1 - -11011011111011111111?
11011011111011111110
In base 14, what is 1d74c02 - -5?
1d74c07
In base 5, what is 0 + 334110022?
334110022
In base 13, what is 7c509 - 1a23?
7a7b6
In base 6, what is -110450220 - 343?
-110451003
In base 8, w